{"id":448,"date":"2010-01-05T20:56:10","date_gmt":"2010-01-05T18:56:10","guid":{"rendered":"http:\/\/www.nebel-tanz.de\/?page_id=448"},"modified":"2014-01-05T16:06:33","modified_gmt":"2014-01-05T15:06:33","slug":"das-tanzbuch","status":"publish","type":"page","link":"https:\/\/www.nebel-tanz.de\/?page_id=448","title":{"rendered":"<!-- 01 --><i>Das Tanzbuch<\/i>"},"content":{"rendered":"<p>Einige der T\u00e4nze die auf dieser Seite aufgef\u00fchrt sind, gibt es auch in gedruckter Version in Tobias Seybold&#8217;s &#8222;Grundlagen des Tanzes&#8220;<br \/>\n<a href=\"http:\/\/www.nebel-tanz.de\/?attachment_id=442\">Dieses Tanzbuch ist hier als PDF zum Download zur Verf\u00fcgung gestellt.<\/a><br \/>\n<small>Die Autorenrechte an diesen Tanzbeschreibungen liegen bei Tobias Seybold. Verwendung der Texte, auch auszugsweise, in anderen Ver\u00f6ffentlichungen (Digital oder Printmedium) bed\u00fcrfen der Zustimmung des Autors. Eine Verwendung im privaten Bereich ist ausdr\u00fccklich erlaubt.<\/small><\/p>\n<p>Einige Worte zu der PDF Version:<br \/>\nDie Seiten im PDF sind so aufgebaut, das man daraus ein A5 Heft falten kann.<br \/>\nDamit das funktioniert, muss man das PDF doppelseitig ausdrucken (ungerade Seitenzahl vorne, gerade Seitenzahl hinten).<br \/>\nDanach mittig heften und Falten.<\/p>\n","protected":false},"excerpt":{"rendered":"<p>Einige der T\u00e4nze die auf dieser Seite aufgef\u00fchrt sind, gibt es auch in gedruckter Version in Tobias Seybold&#8217;s &#8222;Grundlagen des Tanzes&#8220; Dieses Tanzbuch ist hier als PDF zum Download zur Verf\u00fcgung gestellt. Die Autorenrechte an diesen Tanzbeschreibungen liegen bei Tobias Seybold. Verwendung der Texte, auch auszugsweise, in anderen Ver\u00f6ffentlichungen (Digital oder Printmedium) bed\u00fcrfen der Zustimmung <\/p>\n<p><a href=\"https:\/\/www.nebel-tanz.de\/?page_id=448\">Weiter lesen&#8230;<\/a><\/p>\n","protected":false},"author":9,"featured_media":0,"parent":0,"menu_order":0,"comment_status":"closed","ping_status":"closed","template":"","meta":{"footnotes":""},"class_list":["post-448","page","type-page","status-publish","hentry","odd"],"_links":{"self":[{"href":"https:\/\/www.nebel-tanz.de\/index.php?rest_route=\/wp\/v2\/pages\/448","targetHints":{"allow":["GET"]}}],"collection":[{"href":"https:\/\/www.nebel-tanz.de\/index.php?rest_route=\/wp\/v2\/pages"}],"about":[{"href":"https:\/\/www.nebel-tanz.de\/index.php?rest_route=\/wp\/v2\/types\/page"}],"author":[{"embeddable":true,"href":"https:\/\/www.nebel-tanz.de\/index.php?rest_route=\/wp\/v2\/users\/9"}],"replies":[{"embeddable":true,"href":"https:\/\/www.nebel-tanz.de\/index.php?rest_route=%2Fwp%2Fv2%2Fcomments&post=448"}],"version-history":[{"count":24,"href":"https:\/\/www.nebel-tanz.de\/index.php?rest_route=\/wp\/v2\/pages\/448\/revisions"}],"predecessor-version":[{"id":927,"href":"https:\/\/www.nebel-tanz.de\/index.php?rest_route=\/wp\/v2\/pages\/448\/revisions\/927"}],"wp:attachment":[{"href":"https:\/\/www.nebel-tanz.de\/index.php?rest_route=%2Fwp%2Fv2%2Fmedia&parent=448"}],"curies":[{"name":"wp","href":"https:\/\/api.w.org\/{rel}","templated":true}]}}