{"id":444,"date":"2010-01-05T19:59:30","date_gmt":"2010-01-05T17:59:30","guid":{"rendered":"http:\/\/www.nebel-tanz.de\/?page_id=444"},"modified":"2014-04-21T17:21:35","modified_gmt":"2014-04-21T15:21:35","slug":"einen-dank-an","status":"publish","type":"page","link":"https:\/\/www.nebel-tanz.de\/?page_id=444","title":{"rendered":"Besonderen Dank"},"content":{"rendered":"<p>Hier m\u00f6chte ich noch mal einen besonderen Dank aussprechen an all jene, ohne die das Tanztraining des Nebellegenden e.V. und diese Seite nie entstanden w\u00e4ren.<\/p>\n<p><strong>Tobias Seybold<\/strong>: Er hat als Tanzmeister in Stuttgart begonnen und eine Sammlung an T\u00e4nzen zusammengeschrieben, die als Basis diente, um diese Seite in Betrieb zu nehmen.<\/p>\n<p><strong>Holger Obst<\/strong>: Nachdem Tobi aus beruflichen Gr\u00fcnden keine Zeit mehr hatte, zeigte Holger gro\u00dfen Einsatz, um das Tanztraining am Leben zu erhalten.<\/p>\n<p><strong>Heike D.<\/strong>: Sie unterst\u00fctzt Holger bei den Tanzerkl\u00e4rungen, wo sie kann. Weiter hat sie eine recht gro\u00dfe Sammlung an T\u00e4nzen und dazugeh\u00f6rigen Noten.<\/p>\n<p><strong>Ute Wielandt<\/strong>: Mit ihren Lektor-Erfahrungen hat sie in einem unglaublichen Tempo diese Webseite mit Tanzanleitungen bef\u00fcttert \ud83d\ude09<\/p>\n<p><strong>Carmen E.<\/strong>: Von ihr ist das &#8222;Fu\u00dfnoten&#8220; Logo dieser Seite.<\/p>\n<p><strong>Heiko Fiergolla<\/strong>: Der diese Seite erstellt hat (sagt der Tobias).<\/p>\n","protected":false},"excerpt":{"rendered":"<p>Hier m\u00f6chte ich noch mal einen besonderen Dank aussprechen an all jene, ohne die das Tanztraining des Nebellegenden e.V. und diese Seite nie entstanden w\u00e4ren.<\/p>\n<p>Tobias Seybold: Er hat als Tanzmeister in Stuttgart begonnen und eine Sammlung an T\u00e4nzen zusammengeschrieben, die als Basis diente, um diese Seite in Betrieb zu nehmen.<\/p>\n<p>Holger Obst: Nachdem Tobi <\/p>\n<p><a href=\"https:\/\/www.nebel-tanz.de\/?page_id=444\">Weiter lesen&#8230;<\/a><\/p>\n","protected":false},"author":1,"featured_media":0,"parent":0,"menu_order":0,"comment_status":"closed","ping_status":"closed","template":"","meta":{"footnotes":""},"class_list":["post-444","page","type-page","status-publish","hentry","odd"],"_links":{"self":[{"href":"https:\/\/www.nebel-tanz.de\/index.php?rest_route=\/wp\/v2\/pages\/444","targetHints":{"allow":["GET"]}}],"collection":[{"href":"https:\/\/www.nebel-tanz.de\/index.php?rest_route=\/wp\/v2\/pages"}],"about":[{"href":"https:\/\/www.nebel-tanz.de\/index.php?rest_route=\/wp\/v2\/types\/page"}],"author":[{"embeddable":true,"href":"https:\/\/www.nebel-tanz.de\/index.php?rest_route=\/wp\/v2\/users\/1"}],"replies":[{"embeddable":true,"href":"https:\/\/www.nebel-tanz.de\/index.php?rest_route=%2Fwp%2Fv2%2Fcomments&post=444"}],"version-history":[{"count":18,"href":"https:\/\/www.nebel-tanz.de\/index.php?rest_route=\/wp\/v2\/pages\/444\/revisions"}],"predecessor-version":[{"id":984,"href":"https:\/\/www.nebel-tanz.de\/index.php?rest_route=\/wp\/v2\/pages\/444\/revisions\/984"}],"wp:attachment":[{"href":"https:\/\/www.nebel-tanz.de\/index.php?rest_route=%2Fwp%2Fv2%2Fmedia&parent=444"}],"curies":[{"name":"wp","href":"https:\/\/api.w.org\/{rel}","templated":true}]}}

<p>Hier möchte ich noch mal einen besonderen Dank aussprechen an all jene, ohne die das Tanztraining des Nebellegenden e.V. und diese Seite nie entstanden wären.</p>
<p><strong>Tobias Seybold</strong>: Er hat als Tanzmeister in Stuttgart begonnen und eine Sammlung an Tänzen zusammengeschrieben, die als Basis diente, um diese Seite in Betrieb zu nehmen.</p>
<p><strong>Holger Obst</strong>: Nachdem Tobi aus beruflichen Gründen keine Zeit mehr hatte, zeigte Holger großen Einsatz, um das Tanztraining am Leben zu erhalten.</p>
<p><strong>Heike D.</strong>: Sie unterstützt Holger bei den Tanzerklärungen, wo sie kann. Weiter hat sie eine recht große Sammlung an Tänzen und dazugehörigen Noten.</p>
<p><strong>Ute Wielandt</strong>: Mit ihren Lektor-Erfahrungen hat sie in einem unglaublichen Tempo diese Webseite mit Tanzanleitungen befüttert 😉</p>
<p><strong>Carmen E.</strong>: Von ihr ist das &#8222;Fußnoten&#8220; Logo dieser Seite.</p>
<p><strong>Heiko Fiergolla</strong>: Der diese Seite erstellt hat (sagt der Tobias).</p>

<p>Hier möchte ich noch mal einen besonderen Dank aussprechen an all jene, ohne die das Tanztraining des Nebellegenden e.V. und diese Seite nie entstanden wären.</p>
<p>Tobias Seybold: Er hat als Tanzmeister in Stuttgart begonnen und eine Sammlung an Tänzen zusammengeschrieben, die als Basis diente, um diese Seite in Betrieb zu nehmen.</p>
<p>Holger Obst: Nachdem Tobi </p>
<p><a href="https://www.nebel-tanz.de/?page_id=444">Weiter lesen&#8230;</a></p>
